uppose 0 = s - 2*f - 557, -2*s - 2827 = -7*s - 4*f. Suppose -2*k + s = 133. What are the prime factors of k?
5, 43
Suppose -26*k = -4*k - 2684. Let g = k - 58. What are the prime factors of g?
2
Suppose 3*q - 372 = 5*v + 10133, q - 5*v - 3515 = 0. Suppose 14*d - q = 537. List the prime factors of d.
2, 3
Suppose 13*g - 220 = -259. List the prime factors of ((-3828)/9 + 9)*g.
1249
Let j(a) = -18*a**2 + 15*a**2 - a - a**3 - 2 + 3 + 2*a**3. Let o be j(3). List the prime factors of 1/o + (-657)/(-18).
2, 3
Let u(m) = m**2 + 5. Let y be u(5). What are the prime factors of (-6)/y - (-2904)/20?
5, 29
List the prime factors of 2*-1889*((-44)/14 - 624/(-546)).
2, 1889
Let y = -306 + 288. List the prime factors of (-3848)/y + (-46)/(-207).
2, 107
Let n be -1 + 0 + 2 + 14. Let s be (1 - -222) + (-4 - 51)/11. Let o = n + s. What are the prime factors of o?
233
List the prime factors of (2 + 3 + -1)*(3 + (-83430)/(-24)).
3, 4639
Let d(l) = l**2 - 7*l + 2. Let z be d(7). Suppose a = 122 - z. Suppose 4*t = 5*p + a, -2*t + 5*t - 79 = p. What are the prime factors of t?
5
Let p(b) = -b**3 - b**2 + 4*b + 768. Let h be p(0). Let r = h - 458. What are the prime factors of r?
2, 5, 31
Let y be (4578/(-18))/(-7) + 1/(-3). Suppose 6*u = -3*u + y. List the prime factors of 6/12 + 0 + 890/u.
223
Suppose 24*s - 15675 = 9*s. Suppose s = 11*l + 8*l. What are the prime factors of l?
5, 11
Suppose 27*j - 86*j + 240204 - 33232 = 0. What are the prime factors of j?
2, 877
Suppose 3*i - 24 = -3*i. Suppose -i*z + 4 + 4 = 0. List the prime factors of (-267)/24*z*-4.
89
Suppose 0 = -3*u - 4*r + 39048, 4*r - 2*r - 13018 = -u. Suppose -u = -30*n - 5302. List the prime factors of n.
257
Let k = 6446 + -4864. What are the prime factors of k?
2, 7, 113
Suppose -3626*k = -3655*k + 99035. What are the prime factors of k?
5, 683
Suppose 0 = -3*r + u + 32, u - 26 + 82 = 5*r. Let b be 3*44/r*(1 - 4). Let f = 42 - b. List the prime factors of f.
3, 5
Let r = 3075 - -441. What are the prime factors of r?
2, 3, 293
Let g = 8 + -5. Let x be (0 + 2 - g)*(3 - 13). Suppose -60 = -0*k - k + 5*f, 5*f = -x. List the prime factors of k.
2, 5
Let n(x) = 111*x**2 + 19*x + 52. Let s be n(-4). Suppose -1290 = -18*p + s. List the prime factors of p.
13
Let h(y) = 14*y**2 + 5*y + 4. Let i(z) = -z**2 - z. Let f(q) = h(q) + 3*i(q). Let x(j) = -j**2 + 2*j + 4. Let s be x(-2). List the prime factors of f(s).
2, 43
Let m(h) = h**3 + 14*h**2 - 9*h - 58. Let v = 526 + -537. List the prime factors of m(v).
2, 101
Let y(c) = c**2 + 29*c - 106. Let s be y(-33). List the prime factors of (s/(-14))/(42/(-23226)).
13, 79
Suppose -116 - 60 = 4*m. Let l be 12/(-2) - 1764/18. Let b = m - l. What are the prime factors of b?
2, 3, 5
Let u(a) be the second derivative of -5/3*a**3 + 1/20*a**5 + 0 - 1/4*a**4 - 31*a + 13/2*a**2. List the prime factors of u(6).
61
Let c = 3072 + -2133. Suppose -1041 = -4*r + c. What are the prime factors of r?
3, 5, 11
Let h be ((-8)/((-80)/5))/((-1)/(-2)). Let q be 2 + (0 - h) + 8. Suppose 9*y - 1098 = -q*y. List the prime factors of y.
61
Let z = -266 + 1298. Suppose -4*c + 5*n = -z, -3*c - 12*n = -9*n - 774. List the prime factors of c.
2, 3, 43
Let v = -5921 - -14168. What are the prime factors of v?
3, 2749
Let p = -2251 + 2254. Let t(v) = -v**3 - 4 - 2*v**2 + 2 + 5*v**3. What are the prime factors of t(p)?
2, 11
Suppose -32*r + 462 = -29*r. Suppose -5*l = -r + 14. List the prime factors of l.
2, 7
Suppose 6*f + 162165 = 101*f. List the prime factors of f.
3, 569
Suppose -5*j + 3031 = 3*s, -2385 = -3*s + 3*j + 654. Suppose 5733 = -s*y + 1019*y. What are the prime factors of y?
3, 7, 13
Suppose 2*m - 5*m - 5*v + 31635 = 0, -5*m + v + 52781 = 0. What are the prime factors of m?
5, 2111
Suppose -1133 = 6*k + 1351. Let o = 830 + k. Suppose -7*r - r + o = 0. What are the prime factors of r?
2, 13
Suppose 5*d = -4*s + 1911, -11*s - 4*d - 936 = -13*s. Suppose -18 = 12*u - s. List the prime factors of u.
2, 19
Let a be 266*(-5)/(-30)*(0 - 9). Let d = -170 - a. What are the prime factors of d?
229
Let z(o) = 3*o**2 + 2*o + 32. Suppose 0 = -22*v + 31*v - 54. List the prime factors of z(v).
2, 19
Let c = 62 + -58. Let r be c/22 + 2902/11. Suppose 1045 + r = 11*k. What are the prime factors of k?
7, 17
Let f(j) = -186*j**3 + 342 - 275*j**3 - 341 - 2*j**2. What are the prime factors of f(-1)?
2, 5, 23
List the prime factors of 3895556/789*(-3)/(-4).
7, 23
Let u be 1/((-1)/218)*20/(-40). Suppose -1490 = -111*v + u*v. What are the prime factors of v?
5, 149
Let d = 116 - 115. Let t be 5 + ((-104)/(-4) - d). List the prime factors of (-132)/t + 4 + 52/5.
2, 5
Suppose -5*k + 5323 = 64*o - 65*o, 3*k = -o + 3189. List the prime factors of k.
2, 7, 19
Let a(n) = -n**3 + n**2 + 2*n + 4. Suppose 3*f + 0*f = 0. Let d be a(f). What are the prime factors of (11 + 0)/(d/24*3)?
2, 11
Let l be (11 + -12)*-9*(-1)/(-3). Suppose -l*s - 5*c + 202 = -180, -3*c = 3*s - 372. List the prime factors of s.
7, 17
Let b = 60479 + -39551. List the prime factors of b.
2, 3, 109
Let m(y) = -y**3 + 10*y**2 - 7*y + 28. Suppose -6*q = -28 - 20. Let g be m(q). List the prime factors of (-5)/(-40)*6*g.
3, 5
Let z = 35 - -441. Let n = z + -273. Suppose 3*k - n - 10 = 0. What are the prime factors of k?
71
Suppose 3*v = -3*i + 77262, -29*v + 3*i + 103079 = -25*v. What are the prime factors of v?
25763
Let l be (-256)/(-3) - (30/(-9))/(-10). Suppose -3 = -z + f, 0 = 5*z - 2*z + 3*f - 3. Suppose -4*d = 2*i - 82, 0*i = z*i + 3*d - l. List the prime factors of i.
47
Suppose -9 = 3*n + 5*k, -4*n + 4*k = -21 + 1. Let j be ((-4)/(-8) - n)*-2 - 1. Let s(p) = 93*p + 5. List the prime factors of s(j).
191
List the prime factors of 22152/26*((-57)/(-6) + -2).
2, 3, 5, 71
Let x(f) = 38*f**2 - 6*f + 4. Let r be x(1). List the prime factors of ((-51)/6)/((-18)/r).
17
What are the prime factors of ((-84)/(-56))/(-6*(-5)/808840)?
2, 73, 277
Suppose 1131 = 3*z - 3*c + 390, -5*z + 1199 = 4*c. Let k be z + (3 - -1) + -8. Suppose 3*m - 2*m - 2*h - 78 = 0, -3*m = -h - k. What are the prime factors of m?
2, 5
Suppose 5560 = -b + 5*b + 4*u, b - u = 1384. What are the prime factors of b?
19, 73
Let f be 24/3 - (1 - -2). Let m be (-2)/4*-2*f. Suppose 0 = -m*l - 2*q + 273, 389 = 5*l + 3*q + 117. List the prime factors of l.
5, 11
Let d be 1 - (-20)/(-5) - -156. What are the prime factors of (-8464)/(-17) + 18/d?
2, 3, 83
Let g(c) = -6*c**2 - 5*c - 3. Let m be g(-1). Let y(x) = x + 3. Let h be y(m). What are the prime factors of h/(5/(5 + -1355))?
2, 3, 5
Let m = 623 + -513. Suppose -7*j + 898 + m = 0. List the prime factors of j.
2, 3
Let u = 438 - 759. Let c = 1787 + u. List the prime factors of c.
2, 733
Suppose -39*m + 34*m - 45 = 0. Let q be 2*3/(-18)*m. Suppose 6 = 3*i - q. What are the prime factors of i?
3
Let b = -21837 - -55112. List the prime factors of b.
5, 11
Suppose q - 5*t = 60, -4*q - 4*t + 240 = -0*q. Let g = q - 60. Suppose g = 5*o - 4*c - 661, c + 397 = 3*o - c. What are the prime factors of o?
7, 19
Let k(w) = 3*w**2 + 33*w + 19. What are the prime factors of k(-16)?
7, 37
Suppose 3*p - 119 - 1255 = 0. Let i = -212 + p. List the prime factors of i.
2, 3, 41
Suppose 0 = -8*k - 7 - 41. Let j(a) = -a**2 - 4*a + 16. Let w be j(k). Suppose -5*i = -w*g - 51 - 69, 3*g = 3*i - 72. What are the prime factors of i?
2, 3
Let j(w) = -40*w + 5. Let y(u) = 1. Let v(c) = j(c) - 10*y(c). What are the prime factors of v(-4)?
5, 31
Suppose -40*k + 17*k + 983895 = 44*k. What are the prime factors of k?
3, 5, 11, 89
Suppose 0 = 2*s + 4, 45 = -3*t - 3*s. Let j = t - -60. List the prime factors of j.
47
Let l be 138/276*(-3)/(6/(-8)). What are the prime factors of l/21 + 10141/21?
3, 7, 23
Let b be (-210)/(-10) - (-1 - -3). Let s = b + -15. Suppose n = -3*v + 22, -2*n + 3*n + s*v = 21. List the prime factors of n.
5
What are the prime factors of -10*((-1604)/14)/((-16)/(-28))?
5, 401
What are the prime factors of (45213/(-14))/(5 + (-664)/128)?
2, 2153
Suppose -6*p - 1378 - 242 = 0. Let b = 289 - p. What are the prime factors of b?
13, 43
Let g(q) = -4*q + 111. Let l be g(27). Suppose -l*u + p - 1944 = -5*u, u - 982 = 2*p. List the prime factors of u.
2, 487
Let m = -30 - -40. Let x be (-24)/m*6/(18/3405). What are the prime factors of x/(-108) - 4/18?
5
Let o(